 factor of t and 10?
10
Suppose 0 = 3*o - 3*j - 27, 3*o - 5*j - 17 = 0. Suppose 2*g - d - 4*d + o = 0, 0 = 5*g - 4*d + 1. Let n = -2 + g. What is the highest common factor of n and 8?
1
Let n be 0/(-1)*(-2)/4. Suppose n = -3*f + 5*f - 74. Suppose 5*r = -k + 7 + f, -k = r - 12. What is the highest common factor of 8 and r?
8
Let j(d) = d**3 - 3*d**2 + 3*d. Let c = 3 - 0. Let x = -1 + c. Let y be j(x). Calculate the highest common divisor of 3 and y.
1
Let d be (1/(-3))/(6/(-90)). Suppose -d = -0*m - m. Calculate the highest common divisor of m and 10.
5
Let g = 1 - -6. What is the highest common divisor of g and 21?
7
Let y be 1 + (1 + -2 - 1). Let m be 11*3/(-3)*y. What is the highest common factor of 55 and m?
11
Let k be 13 + 2 + (-1 - -2). Let x be 0 + (-2 - (1 - 19)). What is the highest common divisor of x and k?
16
Suppose -8*j = -4*j - 700. Calculate the highest common factor of 50 and j.
25
Let f = 7 + 7. What is the highest common factor of f and 14?
14
Let k = 227 - 159. Suppose 0 = 2*u + k - 194. Suppose -189 = -4*o + u. Calculate the highest common divisor of 42 and o.
21
Suppose -h + 129 = h + y, 5*h - 327 = 2*y. What is the highest common divisor of h and 26?
13
Let s = -5 - -8. Suppose -u + 2*y - s*y = -6, u = -5*y + 26. Let j = 1 + u. What is the highest common factor of j and 1?
1
Suppose -2*a + 2*m = -18, 0 = -3*a - 0*a + 2*m + 29. What is the highest common divisor of 121 and a?
11
Let p = 603 - 848. Let t = -146 - p. Calculate the greatest common divisor of t and 9.
9
Let a = -2 + 2. Let y = a + 10. Let j be (4 - y)*(-3)/1. What is the highest common factor of j and 18?
18
Let w(j) be the second derivative of -j**3/6 + 17*j**2/2 + 7*j. Let d be w(6). Calculate the highest common divisor of d and 88.
11
Let w(u) = 2*u + 72 + 0*u**2 - u**2 - u. Let s be w(0). Let c be (0 + s)*1/2. Calculate the highest common factor of 4 and c.
4
Let z(o) = o**2 - 10*o + 8. Let p be z(10). What is the greatest common divisor of 8 and p?
8
Let t = 0 + -3. Let a be (-16)/(-2) + -2 + t. Let p = a - -16. What is the highest common divisor of p and 95?
19
Let o = 68 - 44. Calculate the highest common factor of o and 192.
24
Let i = 2 + -2. Suppose -7*g + 3*g + 24 = i. Suppose -2*n = -g*n + 156. Calculate the greatest common factor of n and 26.
13
Let o be ((-544)/24)/((-8)/12). What is the greatest common factor of o and 85?
17
Let c be 3/5 + (-23034)/(-110). What is the highest common factor of 28 and c?
14
Let p(m) = -3*m**2 - 7*m - 6. Let r(g) = -4*g**2 - 8*g - 6. Let k(d) = 5*p(d) - 4*r(d). Let b be k(9). What is the greatest common divisor of 32 and b?
16
Let w = -61 + 87. Suppose -3*v + v + k = -4, 0 = -2*v + 3*k - 4. Let d = w + v. Calculate the greatest common factor of 5 and d.
5
Suppose -132 = -18*p + 14*p. Calculate the greatest common divisor of p and 3.
3
Let q = -1 - 1. Suppose 0 = -c - c + 20. Let x = c - q. Calculate the highest common divisor of x and 84.
12
Suppose -2*n + 65 = 289. Let g = 42 - n. Let o(y) = -y**3 + 4*y**2 + y + 2. Let h be o(3). Calculate the highest common factor of h and g.
14
Let n be ((-45)/(-6))/((-3)/(-18)). Let l(t) = -t**3 + t**2 + t + 30. Let f be l(0). Calculate the highest common divisor of n and f.
15
Let q be -1*(1 - 107) - -2. Suppose -5*r = -3*r - 24. Calculate the greatest common factor of r and q.
12
Suppose f - 5*f = -52. Suppose f = 2*p + 1. Suppose -4*o + p = -18. Calculate the greatest common factor of 3 and o.
3
Let g = 12 - 6. Let q(l) = -l + 15. Let v be -11*(-2*2 + 3). Let i be q(v). What is the greatest common factor of g and i?
2
Let w be (-1105)/(-25) - 8/(-10). Calculate the highest common divisor of 18 and w.
9
Suppose -3*x = -5*n + 137, -3*n = -8*n - 4*x + 144. Suppose -2*l - 5*j + 12 = 0, 0 = 5*l + 2*j - n - 2. Calculate the greatest common factor of l and 66.
6
Suppose -2*m + 51 = -3*n + 2*n, 2*m - 3*n - 57 = 0. Calculate the highest common divisor of 264 and m.
24
Let w be (-4)/8 - 2/4. Let a be (w - -1)*(3 - 2). Let f(t) = -t + 4. Let s be f(a). What is the greatest common factor of s and 8?
4
Suppose -15*m + 154 = -13*m. Calculate the greatest common factor of 11 and m.
11
Suppose b - 5*u - 76 = 0, b - 4*u = 128 - 49. Let c = 25 - 16. Suppose s - 4 = c. Calculate the greatest common factor of b and s.
13
Let f be (-102)/(-18) - 6 - (-92)/6. What is the greatest common factor of f and 20?
5
Let g(f) = 132*f**2 - 2*f - 1. Let j be g(-1). Calculate the greatest common divisor of 19 and j.
19
Let v be 2*(2 - 3/3). Let j = v - -1. Suppose -4 = j*d - 19. Calculate the greatest common factor of d and 35.
5
Let g be 1*(-2)/4*-2. Calculate the highest common divisor of 2 and g.
1
Let w(x) = -8*x - 42. Let o be w(-12). What is the highest common factor of 27 and o?
27
Let r be (-1 - -19)*(-3 - (-448)/21). What is the highest common factor of r and 30?
30
Let q(i) = -2*i - 7. Let m be q(-5). Let n be (-1)/(-1) - (m - 72). Calculate the highest common factor of n and 14.
14
Let d be (-3)/5 - (-86)/10. Suppose -2*v = -6*v + 4*h + 68, 0 = -3*v + 4*h + 52. What is the highest common factor of d and v?
8
Let r(m) = m**3 - 4*m**2 + 3*m. Let k be r(3). Let y = 2 + k. Suppose 0 = 3*h + y*h - 120. What is the greatest common factor of h and 36?
12
Suppose 0 = -4*d - 3*l + 104 - 8, -3*l = -2*d + 48. Calculate the greatest common factor of d and 16.
8
Let q be (2 + -1 - 38)*-1. Let z = 59 + q. What is the greatest common factor of z and 12?
12
Let y(s) = -s**2 + 12*s + 31. Let m be y(14). Calculate the greatest common factor of m and 9.
3
Let s = 217 - 105. Let g be (-12)/6 + 30*1. Suppose -3*l + l = -g. What is the highest common divisor of s and l?
14
Let j(i) = i**2 + 2. Let k be j(-2). Let p(o) = -o**2 - 5*o - 4. Let d be p(-3). Suppose 0*x = x - d. Calculate the highest common divisor of k and x.
2
Suppose -c + 108 = 2*c. Calculate the highest common divisor of c and 24.
12
Let x = 4 - -4. Let p(c) = -c**2 + 6*c + 9. Suppose -z + 5 = -2. Let v be p(z). What is the highest common divisor of v and x?
2
Suppose 0 = -5*o - 4*p + 44 - 1, -3*o + 45 = -4*p. Let w(i) = -i**3 - 13*i**2 - 15*i - 25. Let y be w(-12). Calculate the highest common divisor of o and y.
11
Let n be (1 + -1)/(2/(-2)). Suppose n = 5*z - 0*z. Suppose z = -h - 0*h + 2. Calculate the greatest common factor of h and 8.
2
Suppose 3*z - 3 = 9. Suppose -2*t - 5*b - 11 = -t, z*b - 20 = -4*t. Calculate the greatest common divisor of 81 and t.
9
Let f(r) = -r - 10. Let k be f(-14). Suppose 0 = m - k*m + 255. Calculate the highest common factor of m and 34.
17
Suppose h - 10 = -4*h. Let c(y) be the third derivative of 7*y**5/60 - y**3/6 + 2*y**2. Let v be c(1). Calculate the highest common divisor of h and v.
2
Suppose 12 - 4 = 4*v. Let t be (-110)/7 + v/(-7). Let p be (t/3)/(1/(-3)). Calculate the greatest common factor of 64 and p.
16
Suppose q - 3*b - 5 = -4*b, 25 = -q + 5*b. Let n(w) = w**2 + w - 20. Let p be n(q). Let g be p/6*(-2 + -1). Calculate the highest common factor of 4 and g.
2
Let r = 14 - 10. Calculate the highest common factor of r and 1.
1
Suppose -26 = -a - 5*s, s = -3*a - 0*s + 64. Calculate the highest common divisor of 21 and a.
21
Let u = -9 - -13. Let a = -18 + 50. Calculate the highest common factor of a and u.
4
Let w be 351 + (-3)/(15/(-5)). Calculate the highest common divisor of w and 32.
32
Suppose -3*q + 3*y + 36 = -0*y, 5*y = -4*q + 48. Calculate the greatest common divisor of 60 and q.
12
Let f(d) = 62*d**2 - d - 1. Let p be f(1). Let z(j) = 2*j - 5. Let o be 64/6 + 4/(-6). Let v be z(o). What is the greatest common factor of p and v?
15
Let r = 53 - 27. Suppose 0*p - 4*f = 3*p - 137, -2*p + 4*f = -58. Calculate the greatest common divisor of r and p.
13
Let j(s) be the second derivative of s**5/20 + s**4/4 - s**2/2 + 2*s. Let w be j(-2). What is the greatest common divisor of w and 1?
1
Let r be ((-8)/10)/(2/(-15)). Let q be (8/(-2) - -12) + 4. Calculate the greatest common divisor of r and q.
6
Let x be -2*-2*(-60)/(-16). Let o = -50 + 155. What is the highest common factor of x and o?
15
Let z be 0*(-1)/2*1. Suppose 5*w - 15 + 5 = z. Calculate the highest common factor of 16 and w.
2
Suppose -k + 12 = -0*h + 2*h, 4 = 3*h + 5*k. Calculate the highest common factor of 2 and h.
2
Let k be (-7)/(14/6) 